409169
List the prime factors of 3174293953.
101, 449, 69997
What are the prime factors of 105567018?
2, 3, 29, 101, 6007
List the prime factors of 811113165.
3, 5, 3371, 5347
What are the prime factors of 170517060?
2, 3, 5, 7, 19333
What are the prime factors of 125644931?
997, 126023
What are the prime factors of 341416775?
5, 7, 43, 59, 769
List the prime factors of 415796603.
127, 3273989
What are the prime factors of 209086123?
23, 9090701
What are the prime factors of 102592072?
2, 11, 1165819
List the prime factors of 102888668.
2, 1583, 16249
List the prime factors of 308819051.
308819051
What are the prime factors of 5395168835?
5, 7, 6779, 22739
What are the prime factors of 443827526?
2, 4493, 49391
What are the prime factors of 111968374?
2, 7, 7997741
What are the prime factors of 77144932?
2, 19286233
List the prime factors of 6546240748.
2, 1636560187
List the prime factors of 1648564.
2, 367, 1123
What are the prime factors of 443941070?
2, 5, 44394107
What are the prime factors of 115250155?
5, 23050031
List the prime factors of 1812526033.
19, 95396107
List the prime factors of 45990400.
2, 5, 3593
List the prime factors of 128907329.
128907329
List the prime factors of 126649941.
3, 11, 3837877
What are the prime factors of 16809097?
16809097
List the prime factors of 3847885894.
2, 1923942947
What are the prime factors of 3843305367?
3, 11, 116463799
List the prime factors of 339230316.
2, 3, 53, 101, 5281
What are the prime factors of 118821862?
2, 409, 145259
List the prime factors of 2728497890.
2, 5, 1669, 163481
What are the prime factors of 4331344245?
3, 5, 23, 191, 65731
List the prime factors of 738897796.
2, 7, 13, 2029939
List the prime factors of 512975926.
2, 8317, 30839
List the prime factors of 6722952902.
2, 631, 5327221
List the prime factors of 127442525.
5, 7, 769, 947
List the prime factors of 281046294.
2, 3, 857, 6073
List the prime factors of 2092999809.
3, 697666603
List the prime factors of 2301126777.
3, 83, 389, 7919
What are the prime factors of 4556067796?
2, 7, 17, 61, 173, 907
List the prime factors of 449501368.
2, 41, 1370431
List the prime factors of 197731658.
2, 17, 53, 197, 557
List the prime factors of 52001094.
2, 3, 8666849
List the prime factors of 403327532.
2, 503, 200461
List the prime factors of 24025704.
2, 3, 61, 16411
List the prime factors of 220659576.
2, 3, 1229, 7481
What are the prime factors of 1851913157?
89, 20808013
What are the prime factors of 758376375?
3, 5, 17, 337, 353
What are the prime factors of 580001038?
2, 1361, 213079
List the prime factors of 4001188864.
2, 239, 16349
What are the prime factors of 656970139?
7, 53, 1061, 1669
List the prime factors of 79611449.
947, 84067
List the prime factors of 199154400.
2, 3, 5, 82981
List the prime factors of 1311770795.
5, 71, 197, 18757
List the prime factors of 1947643273.
1947643273
List the prime factors of 718233252.
2, 3, 11, 494651
What are the prime factors of 28239112?
2, 11, 320899
List the prime factors of 30111129.
3, 1115227
List the prime factors of 708504056.
2, 13, 6812539
What are the prime factors of 217918603?
7, 31131229
List the prime factors of 85638712.
2, 1693, 6323
What are the prime factors of 44046799?
44046799
What are the prime factors of 46055732?
2, 61, 188753
List the prime factors of 28583966.
2, 29, 59, 8353
What are the prime factors of 405336168?
2, 3, 17, 41, 197
List the prime factors of 366057491.
827, 442633
List the prime factors of 1396981656.
2, 3, 7, 2771789
What are the prime factors of 28849929?
3, 239, 40237
List the prime factors of 939036525.
3, 5, 7, 19, 23, 4093
List the prime factors of 68186415.
3, 5, 11, 413251
List the prime factors of 1891428415.
5, 17, 431, 3037
List the prime factors of 530463057.
3, 176821019
What are the prime factors of 30812636?
2, 17, 31, 47, 311
List the prime factors of 73941598.
2, 4651, 7949
What are the prime factors of 183554402?
2, 19, 1451, 3329
What are the prime factors of 1257270176?
2, 29, 59, 22963
List the prime factors of 122210744.
2, 1889, 8087
What are the prime factors of 4955245551?
3, 787, 2879
List the prime factors of 18544770.
2, 3, 5, 37, 5569
List the prime factors of 236653235.
5, 7, 13, 40009
List the prime factors of 47664494.
2, 3343, 7129
List the prime factors of 137138244.
2, 3, 83, 157, 877
List the prime factors of 24451066.
2, 17, 719149
List the prime factors of 132168137.
193, 684809
List the prime factors of 29909254.
2, 41, 364747
What are the prime factors of 83560081?
11, 19, 23, 17383
What are the prime factors of 264732624?
2, 3, 13, 19, 827
List the prime factors of 169729306.
2, 84864653
List the prime factors of 119831952.
2, 3, 47, 53117
List the prime factors of 41918085.
3, 5, 11, 19, 4457
List the prime factors of 692064530.
2, 5, 69206453
What are the prime factors of 3036565052?
2, 759141263
List the prime factors of 1096010105.
5, 219202021
List the prime factors of 141673222.
2, 37, 1914503
What are the prime factors of 13258113?
3, 11, 17, 23633
What are the prime factors of 59825786?
2, 29912893
What are the prime factors of 3281626566?
2, 3, 2411, 75617
What are the prime factors of 40858933?
47, 869339
List the prime factors of 80937714.
2, 3, 11, 13, 17, 31, 179
What are the prime factors of 386554887?
3, 42950543
List the prime factors of 1459722871.
1459722871
What are the prime factors of 879904702?
2, 67, 6566453
List the prime factors of 3362138454.
2, 3, 560356409
List the prime factors of 42804095.
5, 1381, 6199
List the prime factors of 1175825859.
3, 13, 17, 523, 3391
What are the prime factors of 4025049605?
5, 79, 277, 36787
List the prime factors of 143266351.
29, 4940219
What are the prime factors of 4000806103?
7, 20323, 28123
What are the prime factors of 172075540?
2, 5, 7, 13, 94547
What are the prime factors of 2693638107?
3, 299293123
List the prime factors of 542261982.
2, 3, 31, 41, 211, 337
What are the prime factors of 98068943?
7, 2001407
What are the prime factors of 195445091?
593, 329587
List the prime factors of 359698684.
2, 1483, 60637
List the prime factors of 654351189.
3, 218117063
What are the prime factors of 76340089?
7, 727, 2143
List the prime factors of 21727865.
5, 47, 92459
What are the prime factors of 61664004?
2, 3, 190321
List the prime factors of 1413938375.
5, 71, 313, 509
List the prime factors of 71400035.
5, 7, 127, 16063
What are the prime factors of 221712889?
221712889
What are the prime factors of 80817836?
2, 11, 166979
What are the prime factors of 519089412?
2, 3, 263, 164477
What are the prime factors of 1218719604?
2, 3, 101559967
List the prime factors of 55218575.
5, 181, 12203
List the prime factors of 3619117193.
7507, 482099
What are the prime factors of 295310378?
2, 11, 13423199
What are the prime factors of 748723696?
2, 7, 6685033
List the prime factors of 240111414.
2, 3, 149, 89527
What are the prime factors of 1416209406?
2, 3, 23, 10262387
List the prime factors of 18515805.
3, 5, 7, 11, 17, 23, 41
What are the prime factors of 1320871389?
3, 17, 79, 137, 2393
List the prime factors of 4419151.
11, 23, 17467
List the prime factors of 57535970.
2, 5, 179, 32143
What are the prime factors of 1006028851?
479, 2100269
What are the prime factors of 473054170?
2, 5, 67, 706051
List the prime factors of 1034122877.
79, 13090163
What are the prime factors of 4113856332?
2, 3, 239, 647, 739
List the prime factors of 1881170866.
2, 6079, 154727
What are the prime factors of 603461281?
23, 26237447
List the prime factors of 39125240.
2, 5, 7, 11, 12703
List the prime factors of 3776054934.
2, 3, 629342489
What are the prime factors of 969748600?
2, 5, 19, 255197
What are the prime factors of 1644257057?
1644257057
What are the prime factors of 822501306?
2, 3, 11, 29, 143243
List the prime factors of 189218621.
71, 2665051
What are the prime factors of 1784064665?
5, 83, 4298951
What are the prime factors of 661606631?
7, 94515233
What are the prime factors of 421456240?
2, 5, 5268203
List the prime factors of 193486112.
2, 17, 179, 1987
List the prime factors of 3005015894.
2, 1502507947
List the prime factors of 65949688.
2, 7, 37, 4547
What are the prime factors of 145503335?
5, 349, 83383
List the prime fac